{"id":183,"date":"2024-01-04T21:09:38","date_gmt":"2024-01-04T20:09:38","guid":{"rendered":"https:\/\/matiasmelianabogado.com\/?page_id=183"},"modified":"2024-06-19T19:17:47","modified_gmt":"2024-06-19T17:17:47","slug":"sucesiones","status":"publish","type":"page","link":"https:\/\/matiasmelianabogado.com\/index.php\/sucesiones\/","title":{"rendered":"Sucesiones"},"content":{"rendered":"\t\t<div data-elementor-type=\"wp-page\" data-elementor-id=\"183\" class=\"elementor elementor-183\" data-elementor-settings=\"{&quot;ha_cmc_init_switcher&quot;:&quot;no&quot;}\">\n\t\t\t\t\t\t<section class=\"elementor-section elementor-top-section elementor-element elementor-element-e541f0d elementor-section-boxed elementor-section-height-default elementor-section-height-default wpr-particle-no wpr-jarallax-no wpr-parallax-no wpr-sticky-section-no\" data-id=\"e541f0d\" data-element_type=\"section\" data-settings=\"{&quot;background_background&quot;:&quot;classic&quot;,&quot;_ha_eqh_enable&quot;:false}\">\n\t\t\t\t\t\t<div class=\"elementor-container elementor-column-gap-default\">\n\t\t\t\t\t<div class=\"elementor-column elementor-col-100 elementor-top-column elementor-element elementor-element-7104333\" data-id=\"7104333\" data-element_type=\"column\">\n\t\t\t<div class=\"elementor-widget-wrap elementor-element-populated\">\n\t\t\t\t\t\t<div class=\"elementor-element elementor-element-8604557 elementor-invisible elementor-widget elementor-widget-image\" data-id=\"8604557\" data-element_type=\"widget\" data-settings=\"{&quot;_animation&quot;:&quot;fadeIn&quot;}\" data-widget_type=\"image.default\">\n\t\t\t\t<div class=\"elementor-widget-container\">\n\t\t\t\t\t\t\t\t\t\t\t\t\t\t\t<img fetchpriority=\"high\" decoding=\"async\" width=\"800\" height=\"266\" src=\"https:\/\/matiasmelianabogado.com\/wp-content\/uploads\/2024\/01\/foto-10-1024x341.jpg\" class=\"attachment-large size-large wp-image-404\" alt=\"\" srcset=\"https:\/\/matiasmelianabogado.com\/wp-content\/uploads\/2024\/01\/foto-10-1024x341.jpg 1024w, https:\/\/matiasmelianabogado.com\/wp-content\/uploads\/2024\/01\/foto-10-300x100.jpg 300w, https:\/\/matiasmelianabogado.com\/wp-content\/uploads\/2024\/01\/foto-10-768x256.jpg 768w, https:\/\/matiasmelianabogado.com\/wp-content\/uploads\/2024\/01\/foto-10-1536x512.jpg 1536w, https:\/\/matiasmelianabogado.com\/wp-content\/uploads\/2024\/01\/foto-10-2048x683.jpg 2048w\" sizes=\"(max-width: 800px) 100vw, 800px\" \/>\t\t\t\t\t\t\t\t\t\t\t\t\t\t\t<\/div>\n\t\t\t\t<\/div>\n\t\t\t\t\t<\/div>\n\t\t<\/div>\n\t\t\t\t\t<\/div>\n\t\t<\/section>\n\t\t\t\t<section class=\"elementor-section elementor-top-section elementor-element elementor-element-46217a6 elementor-section-boxed elementor-section-height-default elementor-section-height-default wpr-particle-no wpr-jarallax-no wpr-parallax-no wpr-sticky-section-no\" data-id=\"46217a6\" data-element_type=\"section\" data-settings=\"{&quot;background_background&quot;:&quot;classic&quot;,&quot;_ha_eqh_enable&quot;:false}\">\n\t\t\t\t\t\t<div class=\"elementor-container elementor-column-gap-default\">\n\t\t\t\t\t<div class=\"elementor-column elementor-col-100 elementor-top-column elementor-element elementor-element-b383622\" data-id=\"b383622\" data-element_type=\"column\">\n\t\t\t<div class=\"elementor-widget-wrap elementor-element-populated\">\n\t\t\t\t\t\t<div class=\"elementor-element elementor-element-460a818 elementor-widget elementor-widget-text-editor\" data-id=\"460a818\" data-element_type=\"widget\" data-widget_type=\"text-editor.default\">\n\t\t\t\t<div class=\"elementor-widget-container\">\n\t\t\t\t\t\t\t\t\t<p>La sucesi\u00f3n es un proceso legal para determinar los herederos y\/o interesados que pueden disponer legalmente de los bienes de una persona fallecida. Existen dos tipos de sucesiones: testamentaria e intestada, que difieren en la presencia o ausencia de un testamento. Se necesitan varios documentos para iniciar una sucesi\u00f3n y s\u00f3lo los abogados inscritos est\u00e1n autorizados para llevar a cabo la gesti\u00f3n. La duraci\u00f3n del proceso depende de cada caso, pero se da un ejemplo de 3 a 6 meses en ya sea en Capital Fedeeral o la Provincia de Buenos Aires.<\/p><p>Si has perdido a un familiar o conocido, es probable que te preguntes qu\u00e9 suceder\u00e1 con sus bienes y c\u00f3mo podr\u00e1s disponer legalmente de ellos. La respuesta se encuentra en un proceso llamado sucesi\u00f3n de derechos.<\/p><p>La sucesi\u00f3n de derechos es un proceso judicial que determina qui\u00e9nes son los herederos y\/o interesados que pueden disponer libremente y de manera legal de los bienes dejados por el titular fallecido. Este proceso se divide en dos tipos: la sucesi\u00f3n testamentaria, que se basa en un testamento, y la sucesi\u00f3n intestada, donde no hay testamento y el juez debe determinar las porciones hereditarias de cada uno de los herederos.<\/p><p>Para iniciar el proceso de sucesi\u00f3n, necesitar\u00e1s presentar la partida de defunci\u00f3n del titular de los bienes a transmitir, las partidas de los interesados en la herencia que prueben la existencia del v\u00ednculo que justifica su derecho, el t\u00edtulo de propiedad de los bienes a transmitir, el testamento (si existiere), la \u00faltima boleta de impuesto inmobiliario o automotor y el saldo bancario. En caso de no contar con toda esa documentaci\u00f3n, los interesados pueden gestionarla de forma anticipada ante los registros correspondientes.<\/p><p>El tiempo que demora el tr\u00e1mite de sucesi\u00f3n depender\u00e1 de la complejidad y las caracter\u00edsticas del caso concreto a resolver, pero un tr\u00e1mite sucesorio puede durar de 3 a 6 meses hasta la divisi\u00f3n de bienes ya sea en Capital Fedeeral o la Provincia de Buenos Aires.<\/p><p>Es importante que sepas que el tr\u00e1mite de sucesi\u00f3n debe ser iniciado ante el juez competente, es decir, el juez del \u00faltimo domicilio del causante, sin importar donde falleci\u00f3. Y solo se encuentran autorizados a gestionar una sucesi\u00f3n, los abogados que se encuentren correctamente inscriptos en las matr\u00edculas respectivas.<\/p><p>El tr\u00e1mite de la sucesi\u00f3n intestada se divide en tres partes esenciales: la demanda de inicio, los tr\u00e1mites hasta la declaratoria de herederos y la divisi\u00f3n de la herencia\/inscripci\u00f3n de bienes. En la primera etapa se presentan todos los herederos e interesados ante el juez competente, para que \u00e9ste d\u00e9 comienzo al proceso y solicite una vez que se cumplan con todos los recaudos solicitados por ley, dicte la declaratoria de herederos.<\/p>\t\t\t\t\t\t\t\t<\/div>\n\t\t\t\t<\/div>\n\t\t\t\t<div class=\"elementor-element elementor-element-0e9d0b8 elementor-widget elementor-widget-spacer\" data-id=\"0e9d0b8\" data-element_type=\"widget\" data-widget_type=\"spacer.default\">\n\t\t\t\t<div class=\"elementor-widget-container\">\n\t\t\t\t\t\t\t<div class=\"elementor-spacer\">\n\t\t\t<div class=\"elementor-spacer-inner\"><\/div>\n\t\t<\/div>\n\t\t\t\t\t\t<\/div>\n\t\t\t\t<\/div>\n\t\t\t\t\t<\/div>\n\t\t<\/div>\n\t\t\t\t\t<\/div>\n\t\t<\/section>\n\t\t\t\t<\/div>\n\t\t","protected":false},"excerpt":{"rendered":"<p>La sucesi\u00f3n es un proceso legal para determinar los herederos y\/o interesados que pueden disponer legalmente de los bienes de una persona fallecida. Existen dos tipos de sucesiones: testamentaria e intestada, que difieren en la presencia o ausencia de un testamento. Se necesitan varios documentos para iniciar una sucesi\u00f3n y s\u00f3lo los abogados inscritos est\u00e1n autorizados para llevar a cabo la gesti\u00f3n. La duraci\u00f3n del proceso depende de cada caso, pero se da un ejemplo de 3 a 6 meses en ya sea en Capital Fedeeral o la Provincia de Buenos Aires. Si has perdido a un familiar o conocido, es probable que te preguntes qu\u00e9 suceder\u00e1 con sus bienes y c\u00f3mo podr\u00e1s disponer legalmente de ellos. La respuesta se encuentra en un proceso llamado sucesi\u00f3n de derechos. La sucesi\u00f3n de derechos es un proceso judicial que determina qui\u00e9nes son los herederos y\/o interesados que pueden disponer libremente y de manera legal de los bienes dejados por el titular fallecido. Este proceso se divide en dos tipos: la sucesi\u00f3n testamentaria, que se basa en un testamento, y la sucesi\u00f3n intestada, donde no hay testamento y el juez debe determinar las porciones hereditarias de cada uno de los herederos. Para iniciar el proceso de sucesi\u00f3n, necesitar\u00e1s presentar la partida de defunci\u00f3n del titular de los bienes a transmitir, las partidas de los interesados en la herencia que prueben la existencia del v\u00ednculo que justifica su derecho, el t\u00edtulo de propiedad de los bienes a transmitir, el testamento (si existiere), la \u00faltima boleta de impuesto inmobiliario o automotor y el saldo bancario. En caso de no contar con toda esa documentaci\u00f3n, los interesados pueden gestionarla de forma anticipada ante los registros correspondientes. El tiempo que demora el tr\u00e1mite de sucesi\u00f3n depender\u00e1 de la complejidad y las caracter\u00edsticas del caso concreto a resolver, pero un tr\u00e1mite sucesorio puede durar de 3 a 6 meses hasta la divisi\u00f3n de bienes ya sea en Capital Fedeeral o la Provincia de Buenos Aires. Es importante que sepas que el tr\u00e1mite de sucesi\u00f3n debe ser iniciado ante el juez competente, es decir, el juez del \u00faltimo domicilio del causante, sin importar donde falleci\u00f3. Y solo se encuentran autorizados a gestionar una sucesi\u00f3n, los abogados que se encuentren correctamente inscriptos en las matr\u00edculas respectivas. El tr\u00e1mite de la sucesi\u00f3n intestada se divide en tres partes esenciales: la demanda de inicio, los tr\u00e1mites hasta la declaratoria de herederos y la divisi\u00f3n de la herencia\/inscripci\u00f3n de bienes. En la primera etapa se presentan todos los herederos e interesados ante el juez competente, para que \u00e9ste d\u00e9 comienzo al proceso y solicite una vez que se cumplan con todos los recaudos solicitados por ley, dicte la declaratoria de herederos.<\/p>\n","protected":false},"author":1,"featured_media":0,"parent":0,"menu_order":0,"comment_status":"closed","ping_status":"closed","template":"","meta":{"footnotes":""},"_links":{"self":[{"href":"https:\/\/matiasmelianabogado.com\/index.php\/wp-json\/wp\/v2\/pages\/183"}],"collection":[{"href":"https:\/\/matiasmelianabogado.com\/index.php\/wp-json\/wp\/v2\/pages"}],"about":[{"href":"https:\/\/matiasmelianabogado.com\/index.php\/wp-json\/wp\/v2\/types\/page"}],"author":[{"embeddable":true,"href":"https:\/\/matiasmelianabogado.com\/index.php\/wp-json\/wp\/v2\/users\/1"}],"replies":[{"embeddable":true,"href":"https:\/\/matiasmelianabogado.com\/index.php\/wp-json\/wp\/v2\/comments?post=183"}],"version-history":[{"count":10,"href":"https:\/\/matiasmelianabogado.com\/index.php\/wp-json\/wp\/v2\/pages\/183\/revisions"}],"predecessor-version":[{"id":860,"href":"https:\/\/matiasmelianabogado.com\/index.php\/wp-json\/wp\/v2\/pages\/183\/revisions\/860"}],"wp:attachment":[{"href":"https:\/\/matiasmelianabogado.com\/index.php\/wp-json\/wp\/v2\/media?parent=183"}],"curies":[{"name":"wp","href":"https:\/\/api.w.org\/{rel}","templated":true}]}}